3
Let o(z) = 76*z + 13059. Determine o(-172).
-13
Let y(z) = -34*z - 443. Give y(-10).
-103
Let b(i) = i**3 - 17*i**2 - 207*i - 11. Calculate b(-8).
45
Let q(b) = -47*b - 701. Give q(-15).
4
Let d(i) = i**2 - 15*i + 32. Give d(22).
186
Let h(v) = -691*v + 9576. Determine h(14).
-98
Let w(y) = -6*y + 14. Calculate w(-5).
44
Let m(r) = 12*r**2 + 379*r - 144. Calculate m(-32).
16
Let a(c) = c**3 + 59*c**2 - 59*c - 58. Give a(-60).
-118
Let v(i) = i**3 + 22*i**2 + 37*i + 29. Calculate v(-20).
89
Let d(a) = 3*a**2 + 45*a + 22. Calculate d(-15).
22
Let c(q) = -53*q - 1172. Calculate c(-23).
47
Let p(j) = 8*j**2 - 3*j - 52. Give p(3).
11
Let c(m) = m**3 + 107*m**2 - 176*m + 4564. Determine c(-109).
-14
Let s(y) = 344*y + 22373. What is s(-65)?
13
Let o(a) = 3*a**2 - 11*a - 133. Determine o(-5).
-3
Let j(a) = -a**2 + 11*a + 290. Determine j(-10).
80
Let z(c) = -84*c + 652. Determine z(7).
64
Let m(b) = 4*b**3 - 20*b**2 - 8*b + 46. What is m(6)?
142
Let u(j) = 128*j + 4359. What is u(-33)?
135
Let i(k) = k**3 - 14*k**2 - 21*k - 20. What is i(16)?
156
Let v(q) = q**3 - 14*q**2 + 11*q - 149. What is v(14)?
5
Let y(n) = -n**3 + 21*n + 66. What is y(0)?
66
Let o(g) = -7*g**3 - 404*g**2 + 115*g - 31. What is o(-58)?
27
Let a(r) = -r**3 + 5*r**2 + 56*r + 17. Determine a(-5).
-13
Let z(n) = -235*n + 1625. What is z(7)?
-20
Let w(j) = j**3 + 19*j**2 + 15*j - 47. Determine w(-17).
276
Let i(v) = -3*v**3 + 27*v**2 - 65*v + 312. What is i(8)?
-16
Let g(q) = -q**3 + 13*q**2 - 31*q + 4. Determine g(9).
49
Let q(c) = -2*c**3 - 16*c**2 - 14*c - 54. What is q(-8)?
58
Let o(z) = -107*z**2 - 46*z + 92. Determine o(2).
-428
Let y(n) = -n**3 + 12*n**2 - 47*n + 1044. What is y(14)?
-6
Let s(a) = -40*a**2 + 442*a - 17. Give s(11).
5
Let y(w) = -43*w - 180. Calculate y(15).
-825
Let q(s) = 2*s**3 + 45*s**2 + 30*s + 174. Give q(-22).
-2
Let p(s) = -4*s**2 + 52*s - 147. Determine p(13).
-147
Let q(i) = -105*i - 11966. Calculate q(-114).
4
Let i(a) = -3*a**2 - 10*a - 20. What is i(-3)?
-17
Let z(q) = 107*q**3 - 2*q**2 - 15*q + 14. What is z(1)?
104
Let j(t) = -2405*t + 14413. Give j(6).
-17
Let h(a) = -7*a**2 - 474*a - 1430. Calculate h(-3).
-71
Let o(f) = 2*f**3 + 2*f**2 - 65*f + 122. Give o(4).
22
Let u(g) = g**3 + 24*g**2 + 148*g + 49. Give u(-12).
1
Let w(i) = 2*i**3 + 19*i**2 + 267*i + 1951. Calculate w(-8).
7
Let o(i) = 14*i**3 + 4*i**2 - 12*i + 9. Determine o(1).
15
Let c(u) = -7*u**2 - 100*u + 18. What is c(-14)?
46
Let j(i) = i**2 - 19*i + 115. Give j(10).
25
Let g(d) = 4*d**3 - 19*d**2 - 262*d + 6. Determine g(-6).
30
Let o(w) = -5*w**3 - 6*w**2 + 36*w - 151. Calculate o(4).
-423
Let i(r) = r**3 + 28*r**2 + 53*r - 49. Determine i(-26).
-75
Let y(a) = a**3 + 77*a**2 + 223*a + 80. Give y(-74).
6
Let g(i) = i**3 - 112*i**2 + 216*i + 421. Determine g(110).
-19
Let h(z) = z**3 - 2*z**2 + 32*z + 136. Calculate h(-3).
-5
Let d(g) = -325*g - 5221. Give d(-16).
-21
Let f(s) = 52*s - 347. Calculate f(5).
-87
Let l(n) = -n**3 + 21*n**2 + 47*n + 118. What is l(23)?
141
Let j(r) = -38*r + 72. What is j(2)?
-4
Let d(j) = -j**2 - 7338*j + 44069. Give d(6).
5
Let s(w) = 307*w - 2760. Give s(9).
3
Let a(h) = 5*h**3 + 29*h**2 + 18*h - 75. What is a(-4)?
-3
Let r(w) = w**2 + w - 47. Calculate r(11).
85
Let v(w) = -101*w - 221. Give v(0).
-221
Let m(b) = 2*b**3 - 26*b**2 + 58*b - 2. Give m(10).
-22
Let c(u) = 14*u**2 - 7*u + 2. Calculate c(6).
464
Let o(x) = -x**3 + 23*x**2 + 86*x - 303. Determine o(26).
-95
Let b(d) = 3*d**3 - 15*d**2 + 76*d - 544. What is b(6)?
20
Let d(l) = -l**3 - 3*l**2 - 155*l - 922. Give d(-6).
116
Let l(i) = i**3 - 54*i**2 + 613*i - 70. Calculate l(16).
10
Let v(s) = -44*s - 4362. Calculate v(-99).
-6
Let s(z) = -z**3 + 5*z**2 + 188*z + 491. What is s(-3)?
-1
Let p(w) = 17*w - 577. Determine p(38).
69
Let w(r) = -14*r**2 + 618*r - 88. Give w(44).
0
Let y(b) = 17*b**2 + 55*b - 212. Give y(4).
280
Let c(s) = s**3 - 9*s**2 + 14*s + 9. Give c(7).
9
Let o(p) = p**3 + 8*p**2 + 33*p - 15. Determine o(-5).
-105
Let u(q) = 45*q**2 + 6*q + 7. Determine u(-1).
46
Let z(s) = s**2 + 13*s + 25. Calculate z(-2).
3
Let n(g) = -g**3 - 43*g**2 + 10*g + 443. Calculate n(-43).
13
Let g(h) = h**3 + 29*h - 241. Determine g(5).
29
Let a(j) = 23*j - 134. What is a(-10)?
-364
Let c(m) = 7*m**2 - 240*m - 714. Give c(-3).
69
Let j(p) = -11*p + 101. Determine j(13).
-42
Let p(q) = q**3 + 8*q**2 + 18*q + 7. Determine p(0).
7
Let j(p) = 626*p + 2494. Calculate j(-4).
-10
Let q(f) = -2*f**2 - 17*f + 957. What is q(18)?
3
Let j(d) = 7*d**2 - 7*d - 28. Calculate j(6).
182
Let n(f) = 921*f**2 - 6444*f - 39. Calculate n(7).
-18
Let p(f) = f**3 + 2*f**2 + 127*f + 395. Calculate p(-3).
5
Let d(p) = 2*p**2 - 9*p - 12. Calculate d(6).
6
Let q(p) = -p**3 - 3*p**2 + 45*p - 20. Determine q(5).
5
Let a(q) = -40*q**2 + 57*q + 41. What is a(5)?
-674
Let z(w) = -3*w**3 - 16*w**2 + 7*w + 70. Give z(-5).
10
Let p(v) = -v**2 - 3*v + 4. Calculate p(-3).
4
Let i(x) = -30*x + 832. Determine i(28).
-8
Let z(t) = -17*t**2 + 119*t + 1. Calculate z(7).
1
Let h(k) = -k**3 - 13*k**2 - 13*k - 164. Determine h(-13).
5
Let a(o) = -17*o**2 + 732*o + 2. Determine a(43).
45
Let p(t) = 21*t - 718. Determine p(31).
-67
Let l(v) = 10*v**3 - 2*v**2 - 47*v - 82. What is l(-2)?
-76
Let o(s) = -20*s**3 + 39*s - 77. Give o(2).
-159
Let g(v) = v**2 + 38*v - 174. Give g(-42).
-6
Let w(t) = -3920*t - 13. Calculate w(0).
-13
Let i(w) = -w**3 - 13*w**2 + 40*w + 516. What is i(-13)?
-4
Let g(x) = 4*x**2 + 11*x - 530. What is g(13)?
289
Let w(t) = 5*t**3 - 40*t**2 + 9*t - 48. Give w(8).
24
Let o(q) = 106*q - 425. Calculate o(4).
-1
Let r(o) = -o**3 - 105*o**2 + 109*o + 305. Determine r(-106).
-13
Let f(z) = 21*z - 174. Give f(10).
36
Let j(i) = 2*i**2 - 116*i + 115. What is j(57)?
1
Let b(r) = -13*r**2 - 47*r + 181. Calculate b(4).
-215
Let a(k) = -6*k**2 + 8*k + 30. Determine a(2).
22
Let k(o) = -56*o**2 + 221*o + 17. Calculate k(4).
5
Let u(d) = -d**3 - 208*d**2 - 6057*d - 68. Give u(-35).
2
Let g(i) = 3903*i + 19507. Calculate g(-5).
-8
Let m(n) = n**3 + 7*n**2 - 12*n + 51. Determine m(-9).
-3
Let a(v) = 9*v**2 + 55*v + 166. Determine a(-8).
302
Let p(h) = 2*h**3 + 29*h**2 - 20*h - 69. Give p(-15).
6
Let u(c) = 6*c**2 + 323*c + 883. Determine u(-51).
16
Let i(m) = m**3 + 7*m**2 + 27*m - 172. Calculate i(6).
458
Let m(l) = -28*l**2 + 977*l + 48. Give m(35).
-57
Let s(x) = x**3 - 161*x**2 + 924*x + 42. Determine s(6).
6
Let r(q) = 470*q - 1958. Calculate r(4).
-78
Let u(w) = 2*w**3 - 10*w**2 - 2*w + 13. Give u(5).
3
Let i(n) = n**2 - 14*n + 84. What is i(7)?
35
Let t(x) = -3*x**3 - 5*x**2 + 26*x + 44. What is t(-5)?
164
Let t(g) = -24973*g + 199788. What is t(8)?
4
Let u(g) = 333*g + 45. What is u(0)?
45
Let k(v) = -v**3 + 15*v**2 + 123*v - 16. Calculate k(21).
-79
Let n(g) = -53*g + 294. Give n(10).
-236
Let f(z) = -18*z**2 + 6*z + 13. Calculate f(-3).
-167
Let t(b) = -90*b**2 + 824*b - 82. What is t(9)?
44
Let c(m) = m**2 - 310. Calculate c(18).
14
Let f(g) = -g**3 + 22*g**2 + 77*g - 26. Give f(25).
24
Let p(z) = z**3 + 6*z**2 + 9*z - 1. Determine p(-2).
-3
Let z(t) = 5*t**3 + 3*t**2 + 5*t + 34. What is z(0)?
34
Let n(l) = 61*l + 136. Calculate n(-2).
14
Let t(s) = s**3 - 2*s**2 + 11*s - 8. What is t(2)?
14
Let q(b) = -2*b**2 - 15*b + 93. Determine q(-11).
16
Let i(h) = -h**3 + 7*h**2 + 44*h - 34. What is i(11)?
-34
Let m(l) = l**3 + 14*l**2 - 39*l + 6. Calculate m(-17).
-198
Let r(f) = 1659*f - 63036. Determine r(38).
6
Let o(y) = -3*y**3 + 12*y**2 - 10*y + 8. Determine o(4).
-32
Let s(l) = l**3 - 19*l**2 + 20*l - 12. What is s(17)?
-250
Let p(l) = 65*l - 655. What is p(9)?
-70
Let h(k) = k**3 - k**2 + 21*k + 89. Give h(-3).
-10
Let f(w) = -205*w**2 - 6563*w - 82. Determine f(-32).
14
Let g(x) = x**3 + 10*x**2 - 29*x - 204. Give g(-11).
-6
Let x(j) = -678*j - 6252. What is x(-9)?
-150
Let m(z) = 3*z**2 - 50*z + 53. Calculate m(21).
326
Let y(u) = u**2 - 65*u - 201. What is y(68)?
3
Let q(h) = h**3 + 30*h**2 + 224*h + 175. Calculate q(-18).
31
Let c(f) = -12*f**2 - 133*f - 1. Determine c(-11).
10
Let q(c) = -2*c**2 - 21*c + 4. Give q(0).
4
Let h(l) = l**2 - 21*l - 63. Calculate h(-3).
9
Let r(g) = 107*g - 6329. What is r(59)?
-16
Let v(w) = -11*w - 683. Calculate v(-64).
21
Let x(a) = a**2 + 41*a + 421. Determine x(-22).
3
Let v(q) 